tiple of 56?
True
Is 296 a factor of 628112?
True
Is 87953 a multiple of 15?
False
Is 14 a factor of 30324?
True
Is 39 a factor of 655936?
False
Is 457 a factor of 2521269?
True
Does 9 divide 5739381?
True
Does 35 divide 999126?
False
Does 13 divide 95527?
False
Does 133 divide 42161?
True
Does 228 divide 452383?
False
Is 115 a factor of 9640575?
False
Does 9 divide 183290?
False
Is 175 a factor of 3627013?
False
Does 39 divide 797924?
False
Is 227276 a multiple of 72?
False
Is 20477 a multiple of 14?
False
Does 5 divide 16135057?
False
Does 660 divide 1098240?
True
Does 284 divide 1798434?
False
Is 187 a factor of 2203951?
False
Does 113 divide 89508?
False
Does 314 divide 485130?
True
Is 4178674 a multiple of 334?
True
Is 307 a factor of 304332?
False
Does 135 divide 263683?
False
Does 5 divide 409415?
True
Does 150 divide 3837386?
False
Is 8 a factor of 180872?
True
Does 276 divide 120516?
False
Does 23 divide 253894?
False
Is 9 a factor of 18420?
False
Is 14269 even?
False
Is 125174 a multiple of 7?
True
Does 160 divide 215976?
False
Does 7 divide 5628516?
False
Does 2 divide 5833?
False
Does 16 divide 219304?
False
Is 383811 a multiple of 77?
False
Is 645784 a multiple of 48?
False
Does 24 divide 4582592?
False
Is 84865 a multiple of 160?
False
Is 8896206 a multiple of 1221?
True
Is 42 a factor of 91812?
True
Is 1765588 a multiple of 5?
False
Is 9 a factor of 714483?
True
Does 24 divide 5472?
True
Does 364 divide 1045772?
True
Does 2 divide 669233?
False
Is 11690190 a multiple of 10?
True
Is 173622 a multiple of 176?
False
Does 2199 divide 19428165?
True
Is 16302 a multiple of 57?
True
Does 226 divide 653979?
False
Is 552 a factor of 1392315?
False
Is 60 a factor of 1185305?
False
Does 3 divide 26991?
True
Is 504 a factor of 2120029?
False
Is 38822 a multiple of 118?
True
Is 29 a factor of 109881?
True
Is 221544 a multiple of 8?
True
Is 37596 a multiple of 3?
True
Is 227 a factor of 4265784?
True
Is 644 a factor of 6139864?
False
Is 87 a factor of 1718914?
False
Is 9 a factor of 937033?
False
Is 41 a factor of 3455108?
False
Is 5 a factor of 1992024?
False
Does 25 divide 7465890?
False
Does 77 divide 16145822?
True
Does 121 divide 14762?
True
Is 5 a factor of 4433960?
True
Does 39 divide 6378583?
False
Is 357248 a multiple of 64?
True
Is 71996 a multiple of 4?
True
Does 11 divide 2528009?
True
Is 46 a factor of 318780?
True
Is 53 a factor of 1650399?
False
Is 63 a factor of 1088451?
True
Does 35 divide 125963?
False
Does 26 divide 1250405?
False
Is 465370 a multiple of 10?
True
Is 58862 a multiple of 38?
True
Does 63 divide 529956?
True
Is 250833 a multiple of 93?
False
Is 46 a factor of 557106?
True
Is 42 a factor of 235916?
False
Is 12 a factor of 123996?
True
Is 25332 a multiple of 12?
True
Is 35 a factor of 288451?
False
Is 20638584 a multiple of 108?
True
Does 127 divide 375611?
False
Is 18 a factor of 15732?
True
Is 73 a factor of 3129583?
True
Is 81 a factor of 223351?
False
Does 67 divide 16566707?
False
Is 59 a factor of 931079?
True
Is 1234431 a multiple of 62?
False
Does 37 divide 5365?
True
Is 1936 a factor of 569182?
False
Is 1794301 a multiple of 8?
False
Is 1011 a factor of 182991?
True
Is 75 a factor of 1339050?
True
Is 39 a factor of 15583?
False
Is 25 a factor of 879867?
False
Does 113 divide 21239?
False
Does 26 divide 643975?
False
Is 1426532 a multiple of 14?
False
Does 7 divide 438338?
False
Is 15 a factor of 2245815?
True
Is 8440042 a multiple of 1254?
False
Is 69 a factor of 87159?
False
Is 90 a factor of 337050?
True
Does 13 divide 512188?
False
Is 1788093 a multiple of 555?
False
Is 76 a factor of 152149?
False
Is 4 a factor of 38452?
True
Does 693 divide 212751?
True
Does 226 divide 529292?
True
Is 85 a factor of 65960?
True
Does 12 divide 11914872?
True
Is 153 a factor of 35037?
True
Is 14 a factor of 3946908?
True
Is 2489408 a multiple of 9?
False
Is 61871 a multiple of 2?
False
Is 122087 a multiple of 5?
False
Is 63 a factor of 362083?
False
Is 15 a factor of 84279?
False
Is 506362 a multiple of 34?
True
Is 31 a factor of 187973?
False
Is 578 a factor of 868964?
False
Is 54294 a multiple of 6?
True
Does 48 divide 14593333?
False
Is 19 a factor of 836784?
False
Is 340323 a multiple of 357?
False
Is 102 a factor of 710124?
True
Is 303030 a multiple of 234?
True
Is 46 a factor of 87952?
True
Is 78258 a multiple of 20?
False
Is 3672795 a multiple of 171?
False
Is 1577210 a multiple of 327?
False
Does 19 divide 20995?
True
Is 66 a factor of 25410?
True
Is 523402 a multiple of 11?
True
Does 25 divide 96500?
True
Does 33 divide 53328?
True
Is 45089 a multiple of 94?
False
Is 10 a factor of 123900?
True
Is 938818 a multiple of 41?
True
Is 1765096 a multiple of 57?
False
Is 511834 a multiple of 3?
False
Does 338 divide 128688?
False
Is 70383 a multiple of 152?
False
Does 391 divide 238509?
False
Is 3517850 a multiple of 405?
False
Is 16361326 a multiple of 15?
False
Is 81 a multiple of 74?
False
Does 13 divide 82420?
True
Is 31680 a multiple of 220?
True
Is 251 a factor of 146782?
False
Is 14056748 a multiple of 454?
True
Is 2213090 a multiple of 605?
True
Does 21 divide 159642?
True
Is 57 a factor of 542526?
True
Is 852192 a multiple of 8?
True
Is 115192 a multiple of 28?
True
Is 2623943 a multiple of 39?
False
Is 600801 a multiple of 88?
False
Is 9 a factor of 1008180?
True
Does 14 divide 1904154?
True
Does 22 divide 37224?
True
Is 12 a factor of 156595?
False
Does 26 divide 1002052?
False
Is 45 a factor of 326756?
False
Is 7007913 a multiple of 17?
False
Is 16 a factor of 109008?
True
Does 8 divide 364521?
False
Is 10 a factor of 724970?
True
Does 13 divide 958064?
False
Is 86536 a multiple of 3?
False
Does 44 divide 354860?
True
Is 3241159 a multiple of 29?
False
Is 1370141 a multiple of 63?
False
Is 17675 a multiple of 35?
True
Is 15 a factor of 152722?
False
Is 2484643 a multiple of 7?
True
Is 271037 a multiple of 664?
False
Does 249 divide 13296867?
False
Is 1640 a factor of 22348280?
True
Is 206 a factor of 148165?
False
Does 181 divide 1248760?
False
Is 1755585 a multiple of 911?
False
Is 206 a factor of 115400?
False
Is 81478 a multiple of 251?
False
Is 26 a factor of 122746?
True
Is 113 a factor of 347598?
False
Does 17 divide 852841?
False
Is 115056 a multiple of 18?
True
Is 495 a factor of 708840?
True
Is 10 a factor of 72932?
False
Does 593 divide 21020664?
True
Is 9 a factor of 22824?
True
Is 18573794 a multiple of 1480?
False
Is 577 a factor of 3778196?
True
Does 175 divide 521850?
True
Is 119 a factor of 56846?
False
Is 83472 a multiple of 6?
True
Is 1198956 a multiple of 62?
True
Is 2264986 a multiple of 4?
False
Does 13 divide 527072?
True
Does 379 divide 634825?
True
Does 2 divide 25828?
True
Does 72 divide 8846156?
False
Does 56 divide 11738?
False
Is 310 a factor of 10457230?
True
Is 318 a factor of 414672?
True
Is 403 a factor of 789880?
True
Is 232 a factor of 498104?
True
Is 2497362 a multiple of 4?
False
Does 13 divide 570590?
False
Is 1223973 a multiple of 208?
False
Is 11355396 a multiple of 249?
True
Is 4892583 a multiple of 391?
True
Does 101 divide 5678624?
True
Does 40 divide 33000?
True
Is 12 a factor of 146592?
True
Is 2557872 a multiple of 279?
True
Is 12320586 a multiple of 1818?
True
Is 232710 a multiple of 663?
False
Is 154 a factor of 64456?
False
Is 133 a factor of 65569?
True
Is 628160 a multiple of 160?
True
Is 3884515 a multiple of 599?
True
Is 187818 a multiple of 13?
False
Is 4 a factor of 26980?
True
Does 59 divide 19352?
True
Is 112045 a multiple of 46?
False
Is 91 a factor of 333515?
True
Is 2834640 a multiple of 24?
True
Does 67 divide 1869073?
False
Is 78 a factor of 2221050?
True
Is 436 a factor of 6938068?
True
Is 171 a factor of 152322?
False
Is 9 a factor of 454187?
False
Is 116186 a multiple of 193?
True
Is 91 a factor of 1055055?
False
Is 506 a factor of 487278?
True
Is 86 a factor of 178499?
False
Does 377 divide 3689783?
False
Is 183011 a multiple of 38?
False
Does 8 divide 211896?
True
Is 190 a factor of 443188?
False
Is 1044736 a multiple of 8?
True
Is 3202612 a multiple of 28?
True
Is 107340 a multiple of 44?
False
Is 3348883 a multiple of 9?
False
Does 13 divide 332904?
True
Is 40 a factor of 186971?
False
Is 9 a factor of 1194110?
False
Is 15 a factor